
2, 3, 5
Suppose n = -5*i + 3*n + 33, -5*n = -2*i + 30. What are the prime factors of 1 + 1/(-1) + i?
5
Let l = 79 + -54. Let b = l + -16. What are the prime factors of b?
3
Let h be 116/36 + (-2)/9. Suppose 0 = 4*v - 11 - 5, -5*g - h*v + 32 = 0. List the prime factors of g.
2
Let o be ((-6)/2)/(12/(-16)). Suppose -8 = 4*i, o = -2*y + 4*i - 5*i. Let x = y + 3. List the prime factors of x.
2
Let z(g) = -g**2 + 2*g - 5. Let s be z(6). Let h = s - -41. List the prime factors of h.
2, 3
Let l(n) = 5*n**3 - 2*n**2 - n - 1. Let m be l(2). Let h = m - 20. List the prime factors of h.
3
Suppose -t - 4*x + 100 = 3*t, 2*x = t - 25. List the prime factors of t.
5
Suppose 4*f - 272 = -5*v + 187, -v - 247 = -2*f. List the prime factors of f.
11
Suppose -14*n + 1930 = -2662. What are the prime factors of n?
2, 41
Suppose 2*i - 4*o = o + 49, -2*o - 154 = -5*i. Suppose -i - 52 = 3*p. What are the prime factors of (-21)/(-14)*p/(-3)?
2, 7
Let u(s) be the first derivative of s**4/6 + s**3/6 - s**2/2 + s - 2. Let v(f) be the first derivative of u(f). What are the prime factors of v(2)?
3
Suppose 3*q + q - 16 = 0. Suppose -4*v + 136 = 4*a, 4*v + a = -q*a + 139. What are the prime factors of v?
31
Let r(n) be the third derivative of -n**5/60 + n**4/8 + 5*n**3/6 - 3*n**2. Let z be r(5). Let f = z - -16. List the prime factors of f.
11
Let w(s) = s**2 - 3*s - 8. What are the prime factors of w(7)?
2, 5
List the prime factors of 7*(0 + (-18)/(-21)).
2, 3
Let l be -6 + -1 - 3/(-1). Let a be (-1)/(10/l - -2). Suppose u - 18 - a = 0. What are the prime factors of u?
2, 5
Let r = 32 + 63. What are the prime factors of r?
5, 19
Let a = 27 - 21. Suppose -a*i + 48 = -4*i. List the prime factors of i.
2, 3
Suppose -5*x - 6 + 31 = 0. List the prime factors of (-4)/10 - (-52)/x.
2, 5
Let d = -3 + 10. What are the prime factors of d?
7
Let u = -14 + 23. Suppose 3*s - 24 = 3*w, -3*w - 3 = s + u. Let a = 8 + w. List the prime factors of a.
3
Suppose x - 2 = 2*x. Let n = 12 + x. List the prime factors of n.
2, 5
What are the prime factors of 70/(-3)*72/(-30)?
2, 7
List the prime factors of (7 + 1)/(3 - 1).
2
Suppose -2*u = -u - 54. What are the prime factors of u?
2, 3
Let l(b) be the first derivative of b**4/4 - 4*b**3/3 + 2*b**2 - 5*b + 3. List the prime factors of l(4).
11
Let q(y) be the first derivative of y**4/4 + 14*y**3/3 + 11*y**2/2 - 16*y - 2. Let z be q(-13). List the prime factors of 4/z*(3 + 37).
2
Suppose 0 = 106*z - 104*z - 470. List the prime factors of z.
5, 47
Let l = -39 + 88. Suppose 2*v + 7*g = 2*g + l, -3*v - 4*g = -56. What are the prime factors of v?
2, 3
Let t(y) = 2*y**2 - 2*y + 1. Let b be t(2). Suppose l - i = 13, 0 = -l + b*i - 3. What are the prime factors of l?
17
Suppose 6 = 2*y - 4. Suppose 5 + 80 = -y*h. Let f = -7 - h. What are the prime factors of f?
2, 5
Suppose -3*u = 3*t + 42, -2*u - u - 14 = -4*t. What are the prime factors of (-2)/(-5) + (-156)/u?
2
Let h(w) = 16*w**2 + 1. Suppose 5*t = p - 2*p + 1, -5*t + 4*p + 21 = 0. What are the prime factors of h(t)?
17
Let m(u) = u**3 + 6*u**2 + 4*u. What are the prime factors of m(-5)?
5
Let o be 4/(-7)*7/(-2). Suppose 16 = i - 4*c, o*i - 47 = 2*c + 3*c. Suppose -d - i = -4*d + p, 2*p - 58 = -4*d. What are the prime factors of d?
13
Suppose -4*u = -2*u - 404. What are the prime factors of 2/6 + u/6?
2, 17
Suppose 7*n - 120 = -5*n. Let k(x) = x**3 - x**2 - 1. Let o(h) = 4*h**3 + 6*h**2 - 7*h - 18. Let p(g) = -5*k(g) + o(g). What are the prime factors of p(n)?
17
What are the prime factors of 3 - (-4 + 1 + 0)?
2, 3
Let w(o) = -3*o + 3. Let v be w(6). Let h = -9 + 30. Let i = v + h. What are the prime factors of i?
2, 3
Suppose 27 = 2*r + 3. List the prime factors of r.
2, 3
Let u(r) be the first derivative of r**3/3 - 2*r**2 + 7*r - 8. List the prime factors of u(8).
3, 13
Suppose 2*z + 54 = 5*h - 247, 0 = 5*h + 2*z - 309. What are the prime factors of h?
61
Suppose 4 = -0*n - 2*n, 3*n = f - 76. What are the prime factors of f?
2, 5, 7
Let u = -2 - -2. Suppose -f + u*w - 2*w + 18 = 0, f = w + 12. What are the prime factors of f?
2, 7
Suppose i - 4*r + 1 = 0, 5*i = -4*r - 13 + 56. What are the prime factors of i?
7
Let r(o) = o**3 - 9*o**2 + o - 1. Let n be 3/6*2*2. Let b be (-7 + 1)/(n/(-3)). What are the prime factors of r(b)?
2
Let q = 1 - -4. Suppose -q*s + 8 = -12. Suppose 3*h = 4*b + 3, -b + s*h - 11 = 2*b. What are the prime factors of b?
3
Let r = 15 + -8. List the prime factors of r.
7
Suppose r + 0*r = 5. Suppose -3*p - 4*t + 12 + 19 = 0, -p + r*t = -23. List the prime factors of p.
13
Let v(p) = -10*p**3 + 4*p**2 - 4*p - 1. Let b(g) = -g**3 - g**2 + g. Let f(d) = 5*b(d) + v(d). Let n be f(1). List the prime factors of (9/4)/((-3)/n).
2, 3
Suppose -5*o - 2*q - 26 = 0, 4*o - 2*q = 3*q - 34. Let a = 10 - o. Suppose 0 = -g + 2*g - a. What are the prime factors of g?
2
Suppose 15 + 20 = 5*g + 2*w, g + 2*w - 15 = 0. Suppose 3*n = -g - 7. List the prime factors of 16 - n - (-6)/(-3).
2, 3
Let h be (-7)/((-14)/(-4)) - -16. Let t = -1 + h. List the prime factors of t.
13
Let j(b) = -b**2 + b**3 + 5*b**2 + 7 - 3*b**2. Let w be -2 + 4 - (-8)/(-4). List the prime factors of j(w).
7
Let z(y) = y**2 - 9*y + 3. Let t be z(9). Let i(x) = -x**3 + 3*x**2 + 3*x - 1. List the prime factors of i(t).
2
Let f be (-3)/(-4) - 50/(-8). Suppose 0 = -f*n + 6*n + 29. List the prime factors of n.
29
Suppose 3*z = -4*v - 17, 2*v + 5 = -2*v + z. List the prime factors of (v/(-6))/(3/126).
2, 7
Suppose 33 = -5*g - 2. Let l = g + 1. List the prime factors of (22/(-1))/(l/3).
11
Let c(v) = -v**3 - 5*v**2 - 2*v - 5. Let r be c(-5). Let q = 4 - r. What are the prime factors of 5*(2 - (0 - q))?
5
Let y(k) be the second derivative of -k**5/20 + k**4/3 + 7*k**3/6 - 2*k**2 - 2*k. List the prime factors of y(5).
2, 3
Suppose -4*y - 59 = -t - 5*y, 3*t - 169 = -y. List the prime factors of t.
5, 11
Suppose 0 = 2*k + 8. Let q = 7 + k. Suppose -4*r = -2*c - 19 + q, -r + 5*c = -13. List the prime factors of r.
3
Let s = -10 - -44. What are the prime factors of s?
2, 17
List the prime factors of 21/2*(-14)/(-21).
7
Let l(a) = -a**2 + 8*a - 5. Let q be l(5). Suppose 4*n = 4*y - 44, 2*n + q = y - 3. List the prime factors of y.
3
Let g(h) = 6*h**2 - 8*h + 18. Let f(x) = x**2 + x + 1. Let k(o) = 5*f(o) - g(o). List the prime factors of k(9).
23
Let p(q) = -10*q - 7. List the prime factors of p(-5).
43
List the prime factors of (-8)/(-36) - (-608)/18.
2, 17
Let u(x) = 7*x**3 + 3*x**2 - 2*x + 3. List the prime factors of u(2).
67
Let k(a) = -a**2 + 25*a - 8. List the prime factors of k(21).
2, 19
Let v = -7 + 11. Suppose 0 = q + 4*s - 7, -v*q - 2*s + 7 = -7. List the prime factors of q.
3
Suppose 4 + 2 = 3*v. Suppose -m = v*m. Suppose -2*s = -4*u - m*u + 14, -4*s + 24 = 5*u. What are the prime factors of u?
2
Let a(v) = -13*v - 4. What are the prime factors of a(-2)?
2, 11
Suppose 136 - 546 = -5*p. What are the prime factors of p?
2, 41
Let b(v) = -6*v**2 + v + 1. Let y be b(2). Let w = y + 34. What are the prime factors of w?
13
Let s(v) = v**2 + 15*v + 8. Let o be s(-11). Let d = 72 + o. List the prime factors of d.
2, 3
Suppose -2*v - 7 = -3. List the prime factors of (v/2)/((-4)/12).
3
Let n(x) = -5*x**2 + 10 + 2 + x + 4*x**2 + 0*x**2. What are the prime factors of n(0)?
2, 3
Let t(d) = d**3 + d**2 - 21. Let b be t(0). Let h = -14 - b. Suppose 3*n + 48 = h*n. List the prime factors of n.
2, 3
Let x be 2/(-4)*6 + -7. Let z = 16 + x. What are the prime factors of z?
2, 3
Let r(t) = -47*t + 70. List the prime factors of r(-7).
3, 7, 19
Suppose 3*j - 8 = -b, -14 = -5*b - 2*j - 0*j. Suppose 18 = b*q + q. List the prime factors of q - (-1 + 4)/3.
5
Suppose 0 = d + 2*q + 9, q + 9 = -4*d - 6. Let v(z) = z**2 + 2*z + 1. What are the prime factors of v(d)?
2
Let g = -4 + 4. Suppose 5*l + 3*s = g, -5*s = 2*l + l. Suppose -3*r + 18 = -l*r. What are the prime factors of r?
2, 3
Let g = 115 - 3. List the prime factors of g.
2, 7
Suppose 3*r + 6*b - b = 340, -430 = -4*r + 5*b. What are the prime factors of r?
2, 5, 11
Let q be ((-2730)/(-75))/(1/(-5)). List the prime factors of (24/42)/((-4)/q).
2, 13
Suppose -y = -0 - 4. Suppose -2*o - 8 = -6*o, y*s = 4*o + 24. Let k = s + 1. List the prime factors of k.
3
Let s = -93 + 179. What are the prime facto